 greatest common factor of 56 and 64999655?
7
Calculate the highest common factor of 23335 and 247390.
65
Calculate the highest common factor of 2674785 and 328095.
345
Calculate the highest common divisor of 8042429 and 480551.
9067
What is the greatest common divisor of 15060849 and 12?
3
Calculate the greatest common divisor of 10971468 and 36.
36
What is the greatest common factor of 73325 and 21592746?
2933
Calculate the highest common factor of 18705 and 61999593.
3741
Calculate the highest common factor of 811167 and 22250235.
7581
What is the highest common factor of 3200106 and 5754?
42
What is the greatest common factor of 15 and 70056465?
15
What is the greatest common factor of 21217 and 3283439?
433
Calculate the greatest common divisor of 17690 and 36731516.
3538
Calculate the highest common divisor of 582590 and 1330.
10
Calculate the greatest common factor of 2346275 and 50.
25
Calculate the highest common factor of 156557448 and 648.
648
What is the highest common factor of 7258 and 7024025?
191
Calculate the greatest common factor of 310625448 and 1492.
1492
Calculate the greatest common factor of 3753576 and 792.
72
What is the highest common divisor of 22111324 and 101?
101
What is the greatest common factor of 2219450 and 200?
50
Calculate the greatest common divisor of 35278186 and 3038.
62
Calculate the highest common divisor of 1400564 and 1188.
44
What is the greatest common divisor of 340 and 1711985?
85
Calculate the greatest common divisor of 71439711 and 5439.
777
Calculate the greatest common divisor of 41587796 and 16.
4
What is the highest common factor of 6404308 and 4505?
901
What is the greatest common divisor of 23725 and 1558769?
73
Calculate the highest common divisor of 13 and 6090148350.
13
What is the greatest common divisor of 12780 and 121782537?
639
What is the highest common divisor of 159159150 and 900?
450
Calculate the highest common divisor of 535554 and 11844.
18
Calculate the highest common factor of 6 and 6965274.
6
What is the highest common divisor of 8733 and 2030529?
213
Calculate the highest common factor of 12322 and 56358.
202
What is the highest common factor of 31149527 and 849?
283
Calculate the highest common divisor of 1897 and 213647.
7
What is the greatest common divisor of 1764 and 89828172?
1764
What is the greatest common factor of 472 and 1473820?
236
Calculate the highest common factor of 1065270 and 405.
15
Calculate the greatest common divisor of 1558611 and 310063.
1037
What is the highest common divisor of 66785 and 235505?
3515
Calculate the greatest common divisor of 10269 and 4623984.
1467
What is the greatest common divisor of 543636475 and 225?
25
What is the highest common divisor of 5500191 and 1383?
1383
What is the greatest common divisor of 241304 and 14805168?
7784
What is the highest common divisor of 5791669 and 325?
13
What is the greatest common divisor of 61437408 and 13216?
1888
What is the highest common factor of 181488 and 62301?
57
Calculate the greatest common factor of 14799674 and 14.
2
Calculate the greatest common factor of 12109230 and 1593.
27
Calculate the highest common divisor of 3664 and 441512.
1832
Calculate the greatest common factor of 448 and 1300928.
64
Calculate the greatest common factor of 1598892 and 30.
6
Calculate the greatest common divisor of 525 and 109391415.
105
Calculate the greatest common divisor of 480944 and 316.
4
What is the highest common divisor of 1920 and 41345664?
384
What is the highest common factor of 4 and 11633256?
4
What is the highest common factor of 191258713 and 137?
137
Calculate the greatest common divisor of 18249 and 1171412.
869
Calculate the greatest common divisor of 7021 and 211456.
413
What is the greatest common divisor of 522479754 and 18?
18
Calculate the greatest common divisor of 3520410 and 516.
258
What is the highest common divisor of 99428 and 1736?
28
What is the highest common factor of 421515 and 9673?
17
Calculate the greatest common divisor of 173570 and 6188.
34
Calculate the highest common factor of 742933 and 13861.
83
Calculate the highest common divisor of 31064126 and 4612.
2306
Calculate the greatest common factor of 22590540 and 4500.
180
What is the greatest common divisor of 2919 and 821583?
21
Calculate the greatest common factor of 4 and 172129768.
4
What is the greatest common factor of 838656 and 4752?
144
Calculate the greatest common divisor of 23610002 and 11245.
2249
What is the greatest common factor of 281576488 and 1403?
1403
What is the highest common divisor of 9032847 and 206682?
2109
Calculate the greatest common divisor of 352 and 1612287776.
352
What is the highest common factor of 91797 and 45177?
111
What is the highest common divisor of 32433 and 111530?
19
Calculate the highest common factor of 2370 and 632956690.
790
What is the greatest common divisor of 23294 and 5059702?
1226
Calculate the greatest common factor of 27468853 and 316.
79
Calculate the highest common factor of 147632160 and 340.
20
Calculate the greatest common divisor of 150 and 1033452.
6
Calculate the highest common factor of 15136242 and 6636.
474
Calculate the highest common divisor of 1900700 and 21580.
1660
Calculate the greatest common factor of 300935 and 49795.
2165
What is the greatest common divisor of 3435726 and 736684?
914
What is the greatest common divisor of 31915072 and 1764?
196
What is the highest common factor of 5967 and 1749249?
459
Calculate the greatest common divisor of 1670110435 and 406.
203
What is the greatest common divisor of 2870 and 2174025000?
2870
Calculate the highest common divisor of 595582 and 1196.
26
Calculate the highest common divisor of 16082 and 1672.
22
What is the greatest common divisor of 174040 and 62060?
20
Calculate the greatest common factor of 9803261 and 36075.
481
Calculate the highest common factor of 55188179 and 38.
19
Calculate the greatest common factor of 643747 and 16.
1
What is the greatest common divisor of 26656 and 37292696?
952
Calculate the highest common factor of 75073250 and 5250.
1750
Calculate the greatest common factor of 50370194 and 46.
2
What is the highest common divisor of 1765088 and 5408?
416
Calculate the highest common factor of 147648405 and 355.
355
Calculate the highest common divisor of 1595776 and 546.
182
Calculate the highest common factor of 12026848 and 224.
32
What is the greatest common factor of 245195 and 37741429?
1691
Calculate the highest common factor of 307311372 and 46.
46
What is the greatest common divisor of 412997400 and 1188?
108
Calculate the highest common factor of 196 and 20836466.
98
Calculate the highest common factor of 453047 and 22095325.
7427
Calculate the greatest common divisor of 51 and 12259686.
51
What is the highest common divisor of 206517679 and 4196?
1049
Calculate the greatest common divisor of 8 and 20641404.
4
What is the greatest common factor of 76703 and 198797?
19
Calculate the greatest common factor of 144813514 and 102.
34
What is the greatest common factor of 856 and 8996456?
8
Calculate the greatest common factor of 1415442327 and 53.
53
Calculate the highest common divisor of 18 and 102130047.
9
What is the highest common divisor of 82 and 1061864043?
41
Calculate the highest common factor of 605920 and 534800.
560
Calculate the greatest common divisor of 16 and 333006288.
16
Calculate the greatest common factor of 96933 and 104704.
409
Calculate the greatest common divisor of 167689 and 52277.
61
Calculate the highest common divisor of 836291590 and 50.
10
What is the highest common factor of 6612 and 191414094?
3306
Calculate the highest common divisor of 6072 and 5416488.
264
What is the greatest common divisor of 820831 and 1065?
71
Calculate the highest common divisor of 3556689 and 867.
51
What is the highest common factor of 2148 and 282468?
12
What is the highest common factor of 119 and 53593?
1
What is the highest common divisor of 250767945 and 360?
45
Calculate the greatest common divisor of 40362 and 91270014.
5766
Calculate the highest common factor of 180 and 227676588.
12
Calculate the highest common divisor of 75106 and 2200446.
1598
Calculate the greatest common factor of 2092608 and 1134.
378
What is the greatest comm